Suppose -21*u + 89*u = 79356. What is the thousands digit of u?
1
Suppose 5*y + l = 108, -3*y + 2*l - 3*l = -64. Suppose 6*c - 20 = y. What is the units digit of c?
7
Let u(a) = -7*a + 98*a**3 + 103*a**3 - 200*a**3 + 12 + 12*a**2. What is the units digit of u(-6)?
0
Let n(j) = 7*j**2 + 28*j + 473. What is the hundreds digit of n(-25)?
1
Suppose -17*u + 61275 = 58*u. What is the hundreds digit of u?
8
Let k(m) be the second derivative of -3*m + 1/2*m**3 + 7/6*m**4 - 6*m**2 + 0 - 1/20*m**5. What is the units digit of k(14)?
0
Suppose -10*l + 9*l + 1555 = -t, -5*t + 4657 = 3*l. What is the units digit of l?
4
Let n be (-26)/(-12) - 2/12. Let f be n/(-10) - (-189)/45. Suppose 4*k + 14 = z, f*z - 3*z = k + 23. What is the units digit of z?
6
Suppose -16*r + r + 8205 = 0. What is the units digit of r?
7
Let u = -1 + 0. Let d be (-3 - -2)/(u/2). Suppose 2*a - 5*g = 41, -d*g + 6*g = -4*a + 12. What is the units digit of a?
8
Let m(j) = -j**3 + 9*j**2 + 7*j - 13. Let r(o) = o**2 - 7*o + 4. Let w be r(8). Suppose -36 = -w*c + 8*c. What is the units digit of m(c)?
0
Suppose -9*v + 639 + 279 = 0. What is the units digit of v?
2
Suppose 5*f - 8*f + 9 = 0. Suppose f*b = -2*k - 6, 4*k + 3 = 4*b + 3*k. Suppose -223 = -5*d - 3*x + 2*x, b = -3*d + 5*x + 117. What is the tens digit of d?
4
Let k = -13 - 1. What is the units digit of (k - -16)*(-18)/(-4)?
9
What is the hundreds digit of (-1)/(-3)*(1423 + -13)?
4
Suppose 2452 = j + 2*h, 3*h - h = -3*j + 7372. Suppose -11*r + 7*r = j. What is the units digit of r/(-12) - 2/8?
1
What is the units digit of 154*(22/4 - 6/(-6))?
1
Let y(h) = -36*h + 131. What is the units digit of y(-7)?
3
Suppose -3*t - 433 = -4*t + n, 5*n + 851 = 2*t. Suppose -21*f - t = -23*f. What is the hundreds digit of f?
2
Suppose m + 2*m = -18. Let t(o) = o**2 + 7*o + 5. Let y be t(m). What is the units digit of -15 + 12 - (-29 + y)?
7
What is the tens digit of (1065/(-20))/(1/(152/(-6)))?
4
What is the hundreds digit of (490/(-30))/(4/(-132))?
5
Let q = -205 + 403. Suppose -n - q = -s, s = -5*n + 77 + 103. What is the hundreds digit of s?
1
Suppose -g - 24 = 3*g. Let j(d) = -7*d + 7. Let c be j(g). Let b = c - 34. What is the tens digit of b?
1
Let o(b) = -29*b - 8. Let t(h) = -44*h - 12. Let q(w) = 8*o(w) - 5*t(w). What is the tens digit of q(-2)?
2
Let a(b) = -b**3 + 14*b**2 + b - 9. Let j be a(14). Suppose -j*l = -4*o + 239, -3*o = 2*o - 4*l - 292. Suppose k + 14 = o. What is the tens digit of k?
4
Let k(l) = 93*l - 8. What is the hundreds digit of k(28)?
5
Let s(g) = g**2 + 40*g - 109. What is the tens digit of s(20)?
9
Let t be (-126)/(-10) - 6/(-15). Let g = 4 + -10. What is the tens digit of t + g + (-6)/(-2)?
1
Suppose 2*p + 6 = 5*p. Suppose -2*z + 70 = k, 4*z - p*k - 21 = 111. What is the units digit of z?
4
Suppose i + 0*i = 3*v + 776, 2*i + 5*v - 1530 = 0. Suppose s - 5*n = -4*s + i, 0 = -2*s + 3*n + 312. What is the units digit of s?
0
Suppose 77*t = 90*t - 17849. What is the tens digit of t?
7
Let a(b) = -378*b + 174. What is the thousands digit of a(-6)?
2
Suppose -210 - 66 = -4*m. Let o = 153 - m. What is the tens digit of o?
8
Suppose -122*u - 375 = -123*u. What is the tens digit of u?
7
Suppose 3630 = 222*x - 216*x. What is the tens digit of x?
0
Let v be 1/((-2)/(-6)) - -9. What is the tens digit of (-2)/(-6) + 536/v?
4
Suppose 5 = h + 2. Let y(k) = 0 + 0 + 36*k**h + 1. What is the units digit of y(1)?
7
Let a(o) be the second derivative of 61*o**4/12 + o**3/6 + o**2/2 + 36*o. What is the tens digit of a(-1)?
6
Let h be (33 + -2)/(3/3). Let q = h + -25. Let t(u) = -u**2 + 6*u + 7. What is the units digit of t(q)?
7
Let x(k) = 89*k**2 + 64*k + 196. What is the hundreds digit of x(-3)?
8
Suppose 6*v - 2*v + 36 = 0. Let d = v - -11. Suppose d*x - 5*y = -19, -2 = x - 3*y + 10. What is the units digit of x?
3
Suppose 4*y + p = -2*p + 31, -5*y + 25 = p. Suppose 3*c = k - 113, -y*c - 3*k - 157 = 2*k. What is the tens digit of (-1 - c) + (-2)/(-1)?
3
Let s(r) = r**3 - r**2 - 6*r - 8. Let h be s(-4). Let a = h - -38. Let t = 32 - a. What is the tens digit of t?
5
Suppose 0 = 3*a - a - 5*o + 128, 3*a + 5*o + 192 = 0. Let y = a + 110. What is the units digit of y?
6
Suppose 0 = 36*x - 13908 + 1920. What is the units digit of x?
3
Suppose 10*c + 1006 = 5086. What is the hundreds digit of c?
4
Let n(t) = t**2 - 20*t + 45. Let w be n(18). Let g(q) = 6*q + 9. What is the units digit of g(w)?
3
Suppose 0 = 5*h - 4*r + 20, 6 = h + 2*r - 4. What is the units digit of h + (-160)/(-24)*(-6)/(-2)?
0
Let i = -44 + 74. Let f = i + -29. What is the units digit of -2*f/((-8)/20)?
5
Let c(j) = -7*j + 5. Suppose -5*n + 9 = 3*x - 2*n, 5*x - 3 = -n. Suppose -3*u - 12 = -x*u. What is the units digit of c(u)?
3
Suppose 3*p - 41*d + 39*d - 3819 = 0, 0 = 5*d. What is the hundreds digit of p?
2
Let w = -1 - -43. Let u = w + 88. What is the hundreds digit of u?
1
Let l = -28 - -1082. What is the hundreds digit of l?
0
What is the tens digit of -17 + 17 + 1 + 201?
0
Suppose 3*x - 4*d = 9394, -6*x = -4*x + 4*d - 6236. What is the tens digit of x?
2
Suppose -3*i - 1 = 11, 1808 = 4*d - 5*i. What is the tens digit of d?
4
Let a(y) = -50*y - 160. What is the tens digit of a(-14)?
4
Suppose 0 = -4*b + 7*b. Suppose -560 = 5*a - d, b = a + 3*a + 4*d + 472. What is the units digit of a/(-3) + (-12)/18?
7
Suppose 17*q = 223 - 2365. Let t = q + 421. What is the hundreds digit of t?
2
Suppose k - 4 = -3*x, 0 = 5*k - 7*x + 4*x - 20. Let d be ((-54)/36)/(6/(-8)). Suppose 2*i + 0*n = 3*n + 8, k*i + n = d. What is the units digit of i?
1
What is the thousands digit of -4 + (12 - 2) + 3469?
3
What is the units digit of 3*(-21610)/15*(-6)/12?
1
Let x(r) = r**3 + 6*r**2 - 16*r + 5. Let s be x(-8). Suppose 5*f - 236 - 274 = 5*a, s*f + 4*a - 555 = 0. What is the units digit of f?
7
Let x(z) = -z**2 + 6*z + 4. Let n(v) = v**2 - 6*v - 4. Let k(q) = -5*n(q) - 4*x(q). Let s be k(7). What is the units digit of s/(-12) - (-278)/8?
5
Let b(f) = -45*f + 3. Let h be b(3). Let y = -188 - h. What is the units digit of 4 - 1 - y/2?
1
Let x(q) = -q**2 + q. Let y(u) = 5*u + 4*u**2 + 1 + 0*u - 4*u. Let f(a) = -2*x(a) + y(a). What is the units digit of f(-3)?
8
Suppose -7*c + 2492 = 987. What is the hundreds digit of c?
2
Let l be (-1 - -1)/(-1 + -1). Let g = -113 + 128. Suppose -t - 3 + g = l. What is the units digit of t?
2
Suppose 4*w + 4*w - 16 = 0. Suppose w*b + 32 = 2*m, -3*m = -b - 3*b - 44. What is the units digit of m?
0
Let f(b) = -b**3 + 8*b**2 - 9*b + 14. Let m be f(6). Suppose 4*l = 4*k - 3*k - m, -3*k + 3*l + 105 = 0. What is the tens digit of k?
3
Suppose -4*o - 108 = 100. Let r be o/(-5) - (-4)/(-10). Suppose -92 = 6*v - r*v. What is the tens digit of v?
2
Let h(q) = q**3 - 4*q**2 - 6*q + 6. Let x be h(5). Let r be x/(-4)*-4*-30. Let z = r - -55. What is the tens digit of z?
2
Suppose 0 = 4*t - t - 6. Suppose -7*k + t*k = 4*a - 63, -5*a + 80 = 5*k. What is the units digit of a?
7
Suppose 75717 = 58*z - 118583. What is the tens digit of z?
5
Suppose v - 4*g - 688 = 0, -g - 885 = -2*v + 470. What is the hundreds digit of v?
6
Suppose -6 = -3*i + 12. Suppose i*d = 248 + 778. What is the units digit of d?
1
Suppose 1 = -2*j + 17. Suppose -4*o + 6 = -3*u, 0*o - j = 4*u + 2*o. What is the units digit of u - (-1 + -7 + -3)?
9
Let y be -87 + -1 + -7 + (-3 - -7). Let h = y - -96. What is the units digit of h?
5
Let m = 1590 + 1077. What is the units digit of m?
7
Let t be 48 + (5 - 3) + -6. Let v = -34 + t. What is the units digit of v?
0
Let m(c) = -c**2 - 6*c + 10. Let o be m(-7). Suppose u - 5*y + 43 = -o*u, -4*y + 19 = -u. What is the units digit of 6/(-21) + (-23)/u?
3
Let n = 97 - 57. Suppose -21*f - 8 = -23*f. Suppose n = j + 3*j + f*b, -3*j + 32 = b. What is the units digit of j?
1
Let y = -29 + 29. Suppose 5*q + y*q = 50. Let b = -9 + q. What is the units digit of b?
1
Let v(w) = 15*w - 21. Let p(f) = 15*f - 22. Let s(a) = -4*p(a) + 5*v(a). Let u be s(7). Let h = u - 42. What is the tens digit of h?
4
Let d(x) = 11*x**2 + 14*x. Let p(h) = -4*h**2 - 5*h. Let o(q) = -6*d(q) - 17*p(q). Let b = 4 - 5. What is the units digit of o(b)?
1
Let k(x) = -x**3 + 9*x**2 + 10*x + 5. Let s be k(10). Suppose 4*b = -l + 23, 0*l = 2*l - s*b - 20. What is the tens digit of l?
1
What is the unit